. Calculate the remainder when g is divided by 6.
4
Let c(r) = -2*r**2 + r**3 + 3*r - r**2 - 1 + 2*r**2 - r**2. What is the remainder when c(2) is divided by 1*-1*1 - -3?
1
Suppose -3*c + 344 = -5*x, -102 = -2*c + 4*x + 126. What is the remainder when c is divided by 20?
18
Suppose 3*s - 12 = -0*s. Let d(u) = 2*u**2 - 4. What is the remainder when d(3) is divided by s?
2
What is the remainder when ((-3)/5)/((-24)/5160) + 4 is divided by 9?
7
What is the remainder when 13 is divided by (-183)/(-27) + 2/9?
6
Let m(t) = -t**3 - 3*t**2 + 4*t - 1. Let q be m(-4). Let i = 3 + q. Suppose 5*j = -i + 7. Calculate the remainder when j is divided by 1.
0
Let t(q) = q**2 - 8*q - 1. Let g(k) = -k. Let c be g(-3). Suppose -c*d + 7*d - 20 = 0. What is the remainder when t(9) is divided by d?
3
Suppose -3*j + 260 = j. Let c(s) = -s + 27. Calculate the remainder when j is divided by c(5).
21
Suppose b - 6*b = 2*i - 71, 2*b + 4*i = 22. Suppose t = -x + 2, -x - 3*t - b = -5*x. What is the remainder when 4 is divided by x?
1
Let a be (1 + 0)*-2 - -3. Calculate the remainder when ((-54)/(-4))/(16/32) is divided by (28/12)/(a/3).
6
What is the remainder when 112 is divided by -2*((-108)/8 + 2 + 0)?
20
Calculate the remainder when (-28)/154 + (-607)/(-11) + -1 is divided by 24.
6
Suppose 152 = 4*s + j + 15, 4*j + 82 = 2*s. Let b = -1 + -13. Let v(a) = a**3 + 15*a**2 + 13*a + 4. What is the remainder when s is divided by v(b)?
17
Let h(f) = -2*f + 14. What is the remainder when h(-5) is divided by 7?
3
Let b = -18 - -12. Let u(h) = -h - 4. Calculate the remainder when ((-10)/(-2))/(-1 - -2) is divided by u(b).
1
Let s(z) = -z**2 - 21*z - 70. Suppose -14 + 90 = 2*j - 4*a, -5*a = 25. Calculate the remainder when j is divided by s(-5).
8
Suppose 0 = 5*l + 2*s - 24, 2*l - s - 14 - 1 = 0. Calculate the remainder when 15 is divided by l.
3
Suppose 0*k = -4*k - 8. Let y be k/((-3)/(27/6)). Suppose 0 = y*a + 25 - 73. What is the remainder when 30 is divided by a?
14
Suppose 0*u + 3*u - 27 = 0. Let g = -12 + -2. What is the remainder when u is divided by (-15)/6*g/7?
4
Let g(s) = -s**2 - 12*s - 7. Let b be g(-6). Let f = -11 + b. Let h = 136 - 84. Calculate the remainder when h is divided by f.
16
Let z = -55 - -62. What is the remainder when 34 is divided by z?
6
Let n = 149 - 129. What is the remainder when 56 is divided by n?
16
Let y be ((-16)/(-10))/((-2)/(-5)). Suppose y*g + 20 = 2*o, 22 = 2*o - 3*g - 2*g. Calculate the remainder when 31 is divided by 82/5 + o/(-15).
15
What is the remainder when 3*(1 - (2 + -6)) is divided by 8?
7
Let y(g) = -g**3 + 9*g**2 + 12*g - 6. Suppose 2 = f - 3*z + 1, 5*z - 5 = f. Calculate the remainder when 55 is divided by y(f).
13
Let d(g) = -10*g + 2. What is the remainder when d(-2) is divided by (-9 - -17)*2/2?
6
Let l be (-95)/(-30) - 1/6. Calculate the remainder when 119/14 - l/2 is divided by 18/8 + (-2)/8.
1
Suppose -439 + 162 = -b. Suppose 5*s = 18 + b. Calculate the remainder when s is divided by 20.
19
Let i(v) be the second derivative of -2*v + 0 - 5/6*v**3 - 1/2*v**2. Calculate the remainder when 10 is divided by i(-1).
2
Let i(q) = -32*q + 1. What is the remainder when i(-3) is divided by 15?
7
Let c(p) = 6*p**2 + 3*p + 2. Suppose 2 + 23 = g. What is the remainder when c(-3) is divided by g?
22
Let f = 151 - 142. Calculate the remainder when 17 is divided by f.
8
Let b be 0 + 2 - 1 - -11. Suppose b = 3*r - 12. What is the remainder when r is divided by 5?
3
Let h = 128 - 85. Let z = h + 6. Suppose 0 = -u - 2*u + 51. What is the remainder when z is divided by u?
15
Suppose 2*r = -2*i + 4, -2*i - 4 = -0*i + 4*r. Let f = 14 - 7. Suppose -2*y - 2*s = -f*s - 52, -2*s - 40 = -2*y. Calculate the remainder when y is divided by i.
4
Suppose -2 = -2*d + 8. Suppose 5*r = -2*f + 45, 2*f - 31 = -3*r - 0*f. What is the remainder when r is divided by d?
2
Suppose -62 = -4*d + 2*d. What is the remainder when d is divided by 11?
9
Let j(h) = -11*h - 1. Let t(p) = -p. Let x(u) = j(u) - 6*t(u). Suppose 2*n + 0*n - 18 = 0. Calculate the remainder when n is divided by x(-1).
1
Suppose 3*j + 33 = 2*p, 2*p - j - 15 = -4*j. Calculate the remainder when 21 is divided by p.
9
Let f = 70 + -36. Calculate the remainder when 65 is divided by f.
31
Let c(h) be the second derivative of -11*h**3/6 - h. Let u(f) = 98*f. Let n(q) = 35*c(q) + 4*u(q). Calculate the remainder when n(2) is divided by 5.
4
Let a(h) = 5*h**3 - h**2 + h - 1. Suppose -2*r - 10 = -r - 5*t, -3*t = -5*r + 16. Suppose -2*s - 1 + r = 0. Calculate the remainder when a(1) is divided by s.
0
Let z = 5 - 7. Suppose -16 = -3*u + 41. What is the remainder when z/(-5) - (-546)/10 is divided by u?
17
Let a(w) = 6*w**2 + 2*w + 3. Suppose 4*l + 4*d + 23 = -d, 15 = -3*l - 3*d. Calculate the remainder when 67 is divided by a(l).
21
Suppose -3*g + 0*g = -k - 150, -4*k = 0. Calculate the remainder when g is divided by 17.
16
What is the remainder when 71 is divided by ((-15)/(-10))/((-1)/(-40)*4)?
11
Suppose -7 - 8 = 5*z, -3*m + 2*z = -162. Suppose -15 = -x - 3*d, 0 = -2*x - 2*d + 27 + 19. What is the remainder when m is divided by x?
25
Let k(f) = -45*f**3 - f**2 - 2*f - 1. Let x be k(-1). Suppose x = 6*b - b. Calculate the remainder when 15 is divided by b.
6
Let d = -232 - -166. Let s = 99 + d. Calculate the remainder when s is divided by 12.
9
Suppose d = -3*z + 18, -25 = 5*d - 6*d + 4*z. What is the remainder when 80 is divided by d?
17
Let p(u) = -u**2 - 14*u - 15. Suppose -2*c + 74 = 4*q, -2*c + 71 = 4*q - 3*c. Let j = q - -16. What is the remainder when j is divided by p(-11)?
16
Let f be (11 + -1)*(0 - -3). Suppose f = 2*w - 32. Let o = 15 - 4. Calculate the remainder when w is divided by o.
9
Let a = 31 - 21. What is the remainder when 37 is divided by a?
7
Let t(q) = -2*q + 3. Let a be t(-5). Suppose -3*w - a - 2 = 0. Calculate the remainder when 46 is divided by 18/w*20/(-6).
10
Let c = -118 - -171. What is the remainder when c is divided by 14?
11
Let m(w) = -3*w**2 - w + 2. Let q be m(3). Let v = q + 85. Suppose v - 1 = 2*r. What is the remainder when r is divided by 15?
13
Let k = -134 - -200. Let f = -188 - -276. Suppose -2*j = 3*q - 3*j - k, -5*j = 4*q - f. What is the remainder when q is divided by 12?
10
Suppose 4*b + 0*b - 36 = 0. Let v = -6 + 32. What is the remainder when v is divided by b?
8
Suppose 4*w - 9 = a + 3, 0 = 2*w + 4*a + 12. Suppose 3*m = -2*m + 10. Suppose 0 = m*j + j - 12. Calculate the remainder when j is divided by w.
0
Let j(c) = 4*c**3 + 5*c**2 + 9 - 12*c**2 - 7*c - 3*c**3. Let y be j(8). Let o = 33 - y. What is the remainder when 31 is divided by o?
15
Suppose 5*c + 3*p - 441 = 0, 0 = -0*c + 4*c + 5*p - 345. What is the remainder when c is divided by 13?
12
Let m(d) = d**3 - 8*d**2 - 32*d + 6. Calculate the remainder when 112 is divided by m(11).
10
What is the remainder when 270/5*2/3 is divided by 10?
6
Let q = 15 + 2. Calculate the remainder when q is divided by 5.
2
Suppose -3*c + 49 + 176 = 0. Calculate the remainder when c is divided by 20.
15
Let z = -26 - -54. What is the remainder when z is divided by 10?
8
Suppose -2*h + 100 = 2*h. Suppose 2*x + 3*z = 14, 0 = x + 3*z - 2*z - 9. Calculate the remainder when h is divided by x.
12
Suppose 2*u + 19 = 3*u. Suppose 0 = -2*m - u - 25. Calculate the remainder when m/(-4)*(-3 + 9) is divided by 17.
16
Let u(p) = p**2 + p + 4. Calculate the remainder when u(-6) is divided by 12.
10
Suppose -5*c + c + 32 = 2*b, 5*c = b - 2. What is the remainder when b is divided by 7?
5
Let b(u) = 20*u**3 - 2*u + 1. What is the remainder when 75 is divided by b(1)?
18
Suppose 0 = 4*s - s - 9. Let b be 4 - s - 11*1. Let p = -4 - b. Calculate the remainder when 17 is divided by p.
5
Suppose -w = -2*w + 4. Let m(l) = l**2. What is the remainder when 31 is divided by m(w)?
15
Let o = 29 - 3. Suppose 5*n + 62 - o = -3*a, 3 = -n. Let k = 12 + a. Calculate the remainder when k is divided by 3.
2
Suppose 0 = 4*v + 4 - 12. Let l = 5 + v. Calculate the remainder when l is divided by 2.
1
Calculate the remainder when 79 is divided by ((-12)/(-15) + (-6)/45)*24.
15
Let h(f) = -f**2 - 8*f - 6. What is the remainder when 69 is divided by h(-5)?
6
Let k(x) = x**3 - 6*x**2 + 6*x + 4. Let h be k(5). Suppose 5*u - h = 1. Calculate the remainde